Suppose 5*j - o = 2*o - 2, 5*j + 6 = -o. What are the prime factors of b(j)?
2, 31
Let c = -11 + 14. Suppose 26 = 3*m + l, -c*l - 2 + 17 = 0. What are the prime factors of m?
7
Suppose 39006 = 12*a + 10*a. What are the prime factors of a?
3, 197
Suppose -5*p + 280 = 5*u, 5*u - 7 = -27. Suppose 0 = 5*z - 3*w - 132, 2*w = 3*z + 5*w - p. What are the prime factors of z?
2, 3
Let s be (-2)/(-8) + (-39)/(-52). Let u(v) = 7*v - 2. Let q be u(s). Suppose 3*y = m - 30, -q*y + 3 = m - 3. What are the prime factors of m?
3, 7
Suppose 0 = -75*z + 29*z + 70978. What are the prime factors of z?
1543
Let x(f) = 25*f**2 + 6*f + 107. List the prime factors of x(-9).
2, 1039
Let x(y) = 8*y**2 - 100*y - 115. List the prime factors of x(32).
4877
Let q = -314 - -657. What are the prime factors of q?
7
Let q = 9083 + -6256. List the prime factors of q.
11, 257
Let j be 25/(-50) - 43/(-2). Let i = j + 142. What are the prime factors of i?
163
Let w = 60 + -46. List the prime factors of (4/w)/(12/1428).
2, 17
Let b = -25 + 27. Suppose -7*a + b*a + 1520 = 0. Suppose -5*n - 79 = -a. What are the prime factors of n?
3, 5
Let j(l) = 4*l - 6. Let p(a) = -4*a - 3. Let q be p(-3). Suppose -2*r + q = -r. What are the prime factors of j(r)?
2, 3, 5
Let s(c) = c**3 + 6*c**2 + c - 1. Let y be s(-5). Let n = y + -17. Suppose -5*m = n*w - 45, -2*w = -6*w - m + 117. What are the prime factors of w?
2, 3, 5
Suppose -6*y = -5*y. Suppose y*q + q - 36 = 0. Let j = 65 - q. List the prime factors of j.
29
Let i be (-26)/3 - (-28)/42. List the prime factors of -236*i/128 - (-1)/4.
3, 5
Suppose -4*y + 4*r + 1016 = 0, -7*y + 8*y + 4*r - 279 = 0. What are the prime factors of y?
7, 37
Let f(o) = o**2 - 17*o + 46. Let d be (-2)/(-2 + (-76)/(-40)). List the prime factors of f(d).
2, 53
Suppose -3*d = -0*d, 4*i = 2*d + 1196. List the prime factors of i.
13, 23
Suppose 5*a = -a + 24. Let f be (-28)/3 - a/6. Let g = f - -29. What are the prime factors of g?
19
Let z = -43 + 49. Suppose 216 = h - 5*d - z, -2*h + 458 = 4*d. List the prime factors of h.
227
Suppose 0 = 8*x - 9237 - 811. List the prime factors of x.
2, 157
Suppose -2*d - 365 = -1727. List the prime factors of d.
3, 227
Let c = 107 - 102. Suppose 705 = c*s + 5*z, 2*z = 5*s - 2*z - 669. List the prime factors of s.
137
Let d(m) = 40*m + 43. Let w(r) = 27*r + 28. Let p(b) = -5*d(b) + 7*w(b). What are the prime factors of p(-17)?
2, 3, 7
List the prime factors of ((-28)/2)/(3521/392 + -9).
2, 7
Let x(i) = -i**3 - 53*i**2 - 75*i + 50. List the prime factors of x(-52).
2, 7, 89
Suppose 0 = m - 4 + 32. Let c = -1 - m. What are the prime factors of c?
3
Let m = 81 - -1032. What are the prime factors of m?
3, 7, 53
Let y(x) = x**3 + 14*x**2 + 6*x - 20. What are the prime factors of y(-5)?
5, 7
Let k(h) = 16*h**2 - 4*h - 17. Let f be k(-4). Suppose -f = -d - 4*d. List the prime factors of d.
3, 17
What are the prime factors of (-6)/(-54)*2 - (-6640)/9?
2, 3, 41
What are the prime factors of (-14466)/(-9) + (-20)/60?
1607
Let d(l) = -l**2 - 8*l + 6. Let i be d(-11). Let p be 2 + 4/(-6)*i. Suppose 0 = 5*a - 5 - p. What are the prime factors of a?
5
Let m = -21 + 21. Suppose 5*z - 2*z - 15 = m, 4*q + 5*z - 61 = 0. Let f(g) = g**2 - 8*g + 6. What are the prime factors of f(q)?
3, 5
Suppose 3*s - 2*x - 3111 = 0, -5*x - 3017 = -4*s + 1131. List the prime factors of s.
17, 61
Suppose 2*r + 158 = 2104. What are the prime factors of r?
7, 139
Let u = -4 - -5. Suppose 3 = -r + 5*f, 3*r - 7 - u = -2*f. Suppose r*b = -n - 3*n + 2, 0 = -3*n - 12. List the prime factors of b.
3
Let j(k) = -k**3 - 14*k**2 - 32*k + 31. What are the prime factors of j(-14)?
479
Suppose -1556 - 809 = -5*c. What are the prime factors of c?
11, 43
Suppose 286 = 2*u + 3*f, 3*u = -0*u - 2*f + 419. Let q = u + -87. What are the prime factors of q?
2, 5
Let h(d) = -7*d**3 - 5*d**2 + 7. Let x be h(-3). Suppose -5*f + x + 439 = 0. List the prime factors of f.
2, 59
Let k be (0 - -1)/((-7)/(-868)). Let n = k - 29. List the prime factors of n.
5, 19
Suppose 0 = -2*n + 14*n - 19272. List the prime factors of n.
2, 11, 73
Let a = -228 - -458. What are the prime factors of a?
2, 5, 23
Suppose s - 127 = -5*x, -456 = -3*s + 5*x - 75. List the prime factors of s.
127
Let z be (-52)/(-16) - (-3)/(-12). Suppose -z*i - 380 = -6*i + 4*d, 0 = 5*i - 4*d - 620. What are the prime factors of i?
2, 3, 5
What are the prime factors of 90/(-10)*248/(-3)?
2, 3, 31
Suppose -4*z - 199 = -5*b, -5*b + 2*z + 63 = -144. Let d be (-2)/(-4)*(6 - 6). Suppose -b = -5*h - 3*g, 2*h + 2*g = -d*h + 14. List the prime factors of h.
11
Let p = 573 + -35. What are the prime factors of p?
2, 269
Let h = -5 + 5. Suppose h*p + p = -35. What are the prime factors of ((-3)/(-5))/((-1)/p)?
3, 7
Suppose -2*u - 3*u + 150 = 0. Suppose -3*m = -0*m + u. List the prime factors of m/15 + (-41)/(-3).
13
Let t = -726 + 1378. List the prime factors of t.
2, 163
Suppose 0 = -5*j - 5*x + 10390, -3*x = -j + 2*j - 2072. What are the prime factors of j?
2081
Let x be 14/(-35) - 193/5. Let h = 195 + x. Suppose 5*u + u - h = 0. List the prime factors of u.
2, 13
Let b = 16 - 10. Let q(h) = b*h + 9*h - 1 - 7*h. List the prime factors of q(1).
7
Let q be (-711610)/65 + (-8)/52. What are the prime factors of q/(-112) + -1 + 10/8?
2, 7
Suppose -3*i - 18 - 6 = -3*h, -5*i - 10 = 0. Let t(g) = 16*g + 4. Let c be t(h). Suppose 0 = -f - 3*f + c. List the prime factors of f.
5
Suppose 4*y + 2*r = 1086, -5*y + 1123 = -5*r - 257. What are the prime factors of y?
3, 7, 13
Suppose -22 = 5*j + 2*a, 5*j - 7*a + 18 = -10*a. What are the prime factors of ((-91)/21 - -4) + (-896)/j?
149
Suppose -24090 = -22*i - 8*i. List the prime factors of i.
11, 73
Let g(t) = t**2 - 53*t + 221. What are the prime factors of g(52)?
13
Suppose -9*x + 813 = -6549. List the prime factors of x.
2, 409
Let g(t) = 41*t**2 + 28*t - 1. List the prime factors of g(-5).
2, 13, 17
Suppose -2*h - 20 = -2*u, 5*u - 4*h - 39 = 6. List the prime factors of 66/4*u*(-20)/(-25).
2, 3, 11
Let q = 3710 + -471. List the prime factors of q.
41, 79
Suppose 0 = -7*d + 13*d - 660. What are the prime factors of d?
2, 5, 11
Let w = -95 + 97. Let l(s) = 20*s - 15. What are the prime factors of l(w)?
5
Let q be 54/(-12)*(-20)/3. Let i = q - 18. Suppose -i = -3*d + 39. What are the prime factors of d?
17
Let p(y) be the second derivative of y**5/20 - 2*y**4/3 + 3*y**3/2 - 11*y**2/2 + 23*y. What are the prime factors of p(9)?
151
Let i = 1592 + -1277. List the prime factors of i.
3, 5, 7
List the prime factors of (390*9)/3 - (-24 + 24).
2, 3, 5, 13
Let n(s) = s**2 + 1. Let y = 24 + -24. Suppose 4*g - 23 + 15 = y. What are the prime factors of n(g)?
5
Suppose -5*z + 2460 = 760. Suppose -5*q + z = -q. Suppose -4*r + q = 9. What are the prime factors of r?
19
Suppose 2*y - 4 = 4*r, -r - 5 = -2*y - 1. Suppose -7*k + 169 - 36 = r. List the prime factors of k.
19
What are the prime factors of (-12)/8*-12*(-350)/(-15)?
2, 3, 5, 7
Let z(f) = f + 11. Let s be z(11). Suppose -4*y = -4*g + 56, 0 = -0*y + y - 4*g + 17. Let u = y + s. What are the prime factors of u?
3
Suppose 596 = -4*x + 2*r, 5*r + 0*r = -20. Let u = -96 - x. What are the prime factors of u?
5, 11
What are the prime factors of (814 - 0) + (-5)/(-20)*-20?
809
Suppose -4*g + 2*d - 2 = 0, -2*g + g = 4*d - 22. Suppose 0*s = g*s. What are the prime factors of (s + -2)*90/(-12)?
3, 5
Let l be (-3 + 3 - -2) + -3. Let r be ((-44)/12)/(l/3). Suppose -r*m = -9*m - 14. What are the prime factors of m?
7
Let a = 8353 - 5862. What are the prime factors of a?
47, 53
Let b(o) = o**2 - o - 12. Let a be b(-6). Let x = 50 - a. Let w = -16 + x. List the prime factors of w.
2
Suppose -v - v = -4, -3*v + 30 = i. Suppose 50 = c + 4*c. Let g = i + c. List the prime factors of g.
2, 17
Let t = -1933 - -3104. List the prime factors of t.
1171
Let k(l) = l + 1. Let p be k(1). Let y be (p + 1)*(-8)/(-12). What are the prime factors of (y/2)/((-7)/(-35))?
5
Suppose 105*r - 38203 = 82*r. What are the prime factors of r?
11, 151
Let j(t) = t**3 - 6*t**2 + t + 6. Suppose -2*h + 11 - 1 = 0. Let w be j(h). What are the prime factors of -3 + ((-6)/3 - w)?
3
Suppose 41773 = 19*d - 8254. List the prime factors of d.
2633
Suppose -6*y + 113 + 49 = 0. List the prime factors of ((-1)/